{"id":1347,"date":"2020-12-09T16:33:14","date_gmt":"2020-12-09T16:33:14","guid":{"rendered":"https:\/\/www.noatumlogistics.com\/esp\/?page_id=1347"},"modified":"2024-06-13T20:36:40","modified_gmt":"2024-06-13T20:36:40","slug":"brexit","status":"publish","type":"page","link":"https:\/\/www.noatumlogistics.com\/esp\/brexit\/","title":{"rendered":"Brexit"},"content":{"rendered":"<div class=\"wpb-content-wrapper\"><p>[vc_row css=&#8221;.vc_custom_1606994625500{margin-bottom: -40px !important;}&#8221;][vc_column width=&#8221;1\/3&#8243;][\/vc_column][vc_column width=&#8221;1\/3&#8243;][vc_single_image image=&#8221;1334&#8243; img_size=&#8221;400&#215;80&#8243; alignment=&#8221;center&#8221; onclick=&#8221;custom_link&#8221; css=&#8221;.vc_custom_1606994368394{margin-top: -40px !important;margin-bottom: -80px !important;}&#8221; link=&#8221;https:\/\/www.noatumlogistics.com\/esp\/&#8221;][\/vc_column][vc_column width=&#8221;1\/3&#8243;][\/vc_column][\/vc_row][vc_row center_row=&#8221;yes&#8221; bg_overlay=&#8221;yes&#8221; typo_style=&#8221;light&#8221; css=&#8221;.vc_custom_1607351101074{padding-top: 120px !important;padding-bottom: 120px !important;background-image: url(https:\/\/www.noatumlogistics.com\/esp\/wp-content\/uploads\/sites\/7\/2020\/12\/brexit-asesoria-aduana.jpg?id=1350) !important;background-position: center !important;background-repeat: no-repeat !important;background-size: cover !important;}&#8221; el_class=&#8221;primerafila&#8221;][vc_column]<div class=\"zozo-parallax-header\"><div class=\"parallax-header\"><h2 class=\"parallax-title text-left\">Preparados para el Brexit<\/h2><div class=\"parallax-desc default-style text-left\"><h4>El 31 de diciembre de 2020, el Reino Unido abandonar\u00e1 el mercado \u00fanico de la UE y se empezar\u00e1n a aplicar nuevas formalidades aduaneras. Te ayudamos a estar preparado para este momento.<\/h4>\n<\/div><\/div><\/div>[\/vc_column][\/vc_row][vc_row center_row=&#8221;yes&#8221; el_class=&#8221;VinetasRed&#8221; css=&#8221;.vc_custom_1584956782188{background-image: url(https:\/\/www.noatumlogistics.com\/wp-content\/uploads\/2016\/06\/fondo-directorio.jpg?id=1359) !important;background-position: center !important;background-repeat: no-repeat !important;background-size: cover !important;}&#8221;][vc_column el_class=&#8221;solcarousel&#8221;]<div class=\"zozo-parallax-header\"><div class=\"parallax-header\"><h2 class=\"parallax-title text-left text-none\">Brexit: finaliza el periodo transitorio<\/h2><\/div><\/div>[vc_row_inner][vc_column_inner width=&#8221;1\/2&#8243;][vc_column_text el_class=&#8221;ss_servicios&#8221;]El 31 de Diciembre de 2020 finaliza el periodo transitorio pactado entre la UE y Reino Unido. Sin perjuicio de las negociaciones que se est\u00e1n llevando a cabo para un posible acuerdo que regular\u00e1 la relaci\u00f3n futura entre las dos regiones, el 1 de enero de 2021 todos los movimientos de mercanc\u00edas desde o hacia el Reino Unido estar\u00e1n sujetos a formalidades y controles aduaneros.<\/p>\n<p>Desde Noatum Logistics te asesoramos y ayudamos para que tu empresa est\u00e9 preparada ante esta nueva realidad y nos hacemos cargo de cualquier tr\u00e1mite que pueda derivarse del BREXIT. [\/vc_column_text][\/vc_column_inner][vc_column_inner width=&#8221;1\/2&#8243;][vc_column_text el_class=&#8221;ss_servicios&#8221;]Estas son las consecuencias m\u00e1s inmediatas:<\/p>\n<ul>\n<li>los flujos de mercanc\u00edas entre Espa\u00f1a y Reino Unido dejan de ser transacciones intracomunitarias.<\/li>\n<li>los movimientos pasar\u00e1n a tener el mismo tratamiento que cualquier tercer pa\u00eds:\n<ol>\n<li>Las importaciones procedentes de Reino Unido deber\u00e1n realizar pago de IVA o solicitud de IVA diferido.<\/li>\n<li>Las exportaciones est\u00e1n exentas de IVA.<\/li>\n<\/ol>\n<\/li>\n<\/ul>\n<p>[\/vc_column_text][\/vc_column_inner][\/vc_row_inner][\/vc_column][\/vc_row][vc_row center_row=&#8221;yes&#8221; bg_overlay=&#8221;yes&#8221; typo_style=&#8221;light&#8221; el_class=&#8221;redgradientbgtrans&#8221; css=&#8221;.vc_custom_1607354513904{background-image: url(https:\/\/www.noatumlogistics.com\/esp\/wp-content\/uploads\/sites\/7\/2020\/06\/world-map-background.gif?id=292) !important;background-position: center !important;background-repeat: no-repeat !important;background-size: cover !important;}&#8221; el_id=&#8221;advantages&#8221;][vc_column]<div class=\"zozo-parallax-header\"><div class=\"parallax-header\"><h2 class=\"parallax-title text-center\">Preguntas frecuentes sobre el Brexit<\/h2><\/div><\/div>[vc_row_inner][vc_column_inner width=&#8221;1\/3&#8243;][vc_column_text el_class=&#8221;boxdifference&#8221;]<\/p>\n<h4>\u00bfSe ver\u00e1 mi empresa afectada por Brexit?<\/h4>\n<p>S\u00ed en el caso de que tu empresa realice transacciones comerciales o movimiento de bienes entre el Reino Unido y la UE o en el comercio con el Reino Unido utilizando los Acuerdos de Libre Comercio de la UE. Las mercanc\u00edas deber\u00e1n ser incluidas en las declaraciones de aduana.[\/vc_column_text][\/vc_column_inner][vc_column_inner width=&#8221;1\/3&#8243;][vc_column_text el_class=&#8221;boxdifference&#8221;]<\/p>\n<h4>\u00bfQu\u00e9 se necesita para estar listos para el Brexit?<\/h4>\n<p>Ser\u00e1 necesario obtener un n\u00famero EORI (Registro e Identificaci\u00f3n de Operadores Econ\u00f3micos), clasificar los productos y tener una factura comercial correctamente formateada. Tambi\u00e9n necesitar\u00e1s designar a un representante directo para completar las declaraciones de aduana, como Noatum Logistics.[\/vc_column_text][\/vc_column_inner][vc_column_inner width=&#8221;1\/3&#8243;][vc_column_text el_class=&#8221;boxdifference&#8221;]<\/p>\n<h4>\u00bfAumentar\u00e1n los costes a causa del Brexit?<\/h4>\n<p>Todos los env\u00edos requerir\u00e1n documentaci\u00f3n de aduanas a la salida y a la llegada, para lo que necesita contar con un agente de aduanas. Es probable que se paguen derechos de aduana al entrar en la UE y en el Reino Unido, aunque esto sigue siendo objeto de negociaciones entre la UE y el Reino Unido.[\/vc_column_text][\/vc_column_inner][\/vc_row_inner][\/vc_column][\/vc_row][vc_row gap=&#8221;25&#8243; bg_style=&#8221;grey-wrapper&#8221; center_row=&#8221;yes&#8221; el_class=&#8221;Vinetasred&#8221;][vc_column]<div class=\"zozo-parallax-header VinetasRed\"><div class=\"parallax-header\"><h2 class=\"parallax-title text-center text-none\">Descarga la gu\u00eda de importaci\u00f3n y exportaci\u00f3n de Noatum Logistics<\/h2><\/div><\/div>[vc_row_inner gap=&#8221;25&#8243; el_class=&#8221;VinetasRed&#8221;][vc_column_inner width=&#8221;1\/2&#8243; css=&#8221;.vc_custom_1607359507375{margin-right: 30px !important;margin-left: 30px !important;padding-right: 30px !important;padding-left: 30px !important;}&#8221;][vc_raw_js]JTNDc2NyaXB0JTNFJTBBZG9jdW1lbnQuYWRkRXZlbnRMaXN0ZW5lciUyOCUyMCUyN3dwY2Y3bWFpbHNlbnQlMjclMkMlMjBmdW5jdGlvbiUyOCUyMGV2ZW50JTIwJTI5JTIwJTdCJTBBJTIwJTIwbG9jYXRpb24lMjAlM0QlMjAlMjdodHRwcyUzQSUyRiUyRnd3dy5ub2F0dW1sb2dpc3RpY3MuY29tJTJGZXNwJTJGZ3JhY2lhcy1icmV4aXQlMkYlMjclM0IlMEElN0QlMkMlMjBmYWxzZSUyMCUyOSUzQiUwQSUzQyUyRnNjcmlwdCUzRQ==[\/vc_raw_js][vc_column_text]Descarga la gu\u00eda&#8230;<\/p>\n<div class=\"wpcf7 no-js\" id=\"wpcf7-f1375-o1\" lang=\"es-ES\" dir=\"ltr\" data-wpcf7-id=\"1375\">\n<div class=\"screen-reader-response\"><p role=\"status\" aria-live=\"polite\" aria-atomic=\"true\"><\/p> <ul><\/ul><\/div>\n<form action=\"\/esp\/wp-json\/wp\/v2\/pages\/1347#wpcf7-f1375-o1\" method=\"post\" class=\"wpcf7-form init\" aria-label=\"Formulario de contacto\" novalidate=\"novalidate\" data-status=\"init\">\n<fieldset class=\"hidden-fields-container\"><input type=\"hidden\" name=\"_wpcf7\" value=\"1375\" \/><input type=\"hidden\" name=\"_wpcf7_version\" value=\"6.1.5\" \/><input type=\"hidden\" name=\"_wpcf7_locale\" value=\"es_ES\" \/><input type=\"hidden\" name=\"_wpcf7_unit_tag\" value=\"wpcf7-f1375-o1\" \/><input type=\"hidden\" name=\"_wpcf7_container_post\" value=\"0\" \/><input type=\"hidden\" name=\"_wpcf7_posted_data_hash\" value=\"\" \/><input type=\"hidden\" name=\"_wpcf7dtx_version\" value=\"5.0.5\" \/><input type=\"hidden\" name=\"_wpcf7_recaptcha_response\" value=\"\" \/>\n<\/fieldset>\n<p style=\"font-size: 12px; font-weight:400; \">Todos los campos son obligatorios.\n<\/p>\n<div class=\"row\">\n\t<div class=\"col-md-12\">\n\t\t<p><span class=\"wpcf7-form-control-wrap\" data-name=\"your-name\"><input size=\"40\" maxlength=\"400\" class=\"wpcf7-form-control wpcf7-text wpcf7-validates-as-required\" aria-required=\"true\" aria-invalid=\"false\" placeholder=\"Nombre\" value=\"\" type=\"text\" name=\"your-name\" \/><\/span>\n\t\t<\/p>\n\t\t<p><span class=\"wpcf7-form-control-wrap\" data-name=\"Empresa\"><input size=\"40\" maxlength=\"400\" class=\"wpcf7-form-control wpcf7-text wpcf7-validates-as-required\" aria-required=\"true\" aria-invalid=\"false\" placeholder=\"Empresa\" value=\"\" type=\"text\" name=\"Empresa\" \/><\/span>\n\t\t<\/p>\n\t\t<p><span class=\"wpcf7-form-control-wrap\" data-name=\"tel-845\"><input size=\"40\" maxlength=\"400\" class=\"wpcf7-form-control wpcf7-tel wpcf7-validates-as-required wpcf7-text wpcf7-validates-as-tel\" aria-required=\"true\" aria-invalid=\"false\" placeholder=\"Tel\u00e9fono\" value=\"\" type=\"tel\" name=\"tel-845\" \/><\/span>\n\t\t<\/p>\n\t\t<p><span class=\"wpcf7-form-control-wrap\" data-name=\"your-email\"><input size=\"40\" maxlength=\"400\" class=\"wpcf7-form-control wpcf7-email wpcf7-validates-as-required wpcf7-text wpcf7-validates-as-email\" aria-required=\"true\" aria-invalid=\"false\" placeholder=\"Email\" value=\"\" type=\"email\" name=\"your-email\" \/><\/span>\n\t\t<\/p>\n\t<\/div>\n<\/div>\n<div class=\"row\">\n\t<div class=\"col-md-12 legalnotice\">\n\t\t<p style=\"font-weight: 300;font-size: 12px;line-height: 1.5em;margin-top: 10px;\">Noatum Holdings S.L.U., con domicilio en la Avenida de Italia n\u00ba2 (CTC), de Coslada (Madrid, Espa\u00f1a), utiliza con su consentimiento los datos personales consignados para responder a su solicitud, envi\u00e1ndolos a la empresa del grupo Noatum m\u00e1s indicada para ello. No se conservar\u00e1n m\u00e1s all\u00e1 del tiempo necesario para responderle. Si acepta la recepci\u00f3n de publicidad de nuestros servicios marcando la casilla correspondiente los conservaremos en tanto no manifieste su voluntad en contrario.\n\t\t<\/p>\n\t\t<p style=\"font-weight: 300;font-size: 12px;line-height: 1.5em; margin-top: 5px;\">Puede contactar con el delegado de protecci\u00f3n de datos en (<a href=\"mailto:dpo@noatum.com\">dpo@noatum.com<\/a>). Si considera que sus derechos han sido vulnerados, puede interponer una reclamaci\u00f3n ante la Agencia Espa\u00f1ola de Protecci\u00f3n de Datos. Si lo desea, puede retirar su consentimiento y ejercer los derechos de acceso, rectificaci\u00f3n, supresi\u00f3n, oposici\u00f3n y limitaci\u00f3n en cualquier momento dirigi\u00e9ndose al correo (<a href=\"mailto:dpo@noatum.com\">dpo@noatum.com<\/a>).\n\t\t<\/p>\n\t<\/div>\n<\/div>\n<div class=\"row\" style=\"margin-top: 10px; margin-bottom: 15px;\">\n\t<div class=\"col-md-12\">\n\t\t<p><span class=\"wpcf7-form-control-wrap\" data-name=\"acceptance-182\"><span class=\"wpcf7-form-control wpcf7-acceptance\"><span class=\"wpcf7-list-item\"><label><input type=\"checkbox\" name=\"acceptance-182\" value=\"1\" aria-invalid=\"false\" \/><span class=\"wpcf7-list-item-label\">Acepto la recepci\u00f3n de publicidad de los servicios del grupo Noatum en mi direcci\u00f3n de correo electr\u00f3nico.<\/span><\/label><\/span><\/span><\/span>\n\t\t<\/p>\n\t<\/div>\n<\/div>\n<div class=\"row\">\n\t<div class=\"col-md-12\">\n\t\t<p><input class=\"wpcf7-form-control wpcf7-submit has-spinner\" type=\"submit\" value=\"Descargar\" \/>\n\t\t<\/p>\n\t<\/div>\n<\/div><div class=\"wpcf7-response-output\" aria-hidden=\"true\"><\/div>\n<\/form>\n<\/div>\n[\/vc_column_text][\/vc_column_inner][vc_column_inner width=&#8221;1\/2&#8243;][vc_single_image image=&#8221;1362&#8243; img_size=&#8221;260&#215;380&#8243; alignment=&#8221;center&#8221; css=&#8221;.vc_custom_1607620689273{padding-top: 40px !important;padding-bottom: 40px !important;}&#8221;][\/vc_column_inner][\/vc_row_inner][\/vc_column][\/vc_row][vc_row content_placement=&#8221;middle&#8221; center_row=&#8221;yes&#8221;][vc_column width=&#8221;1\/2&#8243;]<div class=\"zozo-parallax-header\"><div class=\"parallax-header\"><h2 class=\"parallax-title text-left text-none\">Checklist para las tramitaciones aduaneras<\/h2><div class=\"parallax-desc default-style text-left\"><p>En caso de no llegar a un acuerdo antes del 1 de enero de 2021, el Reino Unido pasar\u00e1 a tener la consideraci\u00f3n de tercer pa\u00eds para la movilizaci\u00f3n de mercanc\u00edas y bienes. La normativa aduanera prev\u00e9 una serie de procedimientos simplificados de declaraci\u00f3n que pueden facilitar las gestiones necesarias:<\/p>\n<ul>\n<li>Presentaci\u00f3n de una declaraci\u00f3n aduanera de exportaci\u00f3n\/importaci\u00f3n por cada env\u00edo: <a href=\"https:\/\/www.agenciatributaria.es\/AEAT.internet\/Inicio\/La_Agencia_Tributaria\/Aduanas_e_Impuestos_Especiales\/Aduanas_e_Impuestos_Especiales.shtml\">Procedimientos simplificados de la Agencia Tributaria<\/a><\/li>\n<li>Identificaci\u00f3n en la aduana de todos los operadores econ\u00f3micos con el n\u00famero EORI: <a href=\"https:\/\/ec.europa.eu\/taxation_customs\/dds2\/eos\/eori_validation.jsp?Lang=es\">Consulta de n\u00famero EORI en la Agencia Tributaria<\/a> (todos los operadores que ven\u00edan realizando operaciones comerciales con Reino Unido ya tienen asignado un n\u00famero).<\/li>\n<li>Controles aduaneros<\/li>\n<li>Pago de derechos arancelarios y otros grav\u00e1menes si corresponde<\/li>\n<li>Obtenci\u00f3n de certificaciones sanitarias, fitosanitarias, de calidad, etc. seg\u00fan la mercanc\u00eda: <a href=\"https:\/\/ec.europa.eu\/taxation_customs\/dds2\/taric\/taric_consultation.jsp?Lang=es&amp;Taric=&amp;MinCharFts=3&amp;EndPub=&amp;MeasText=&amp;Area=&amp;callbackuri=CBU-0&amp;Regulation=&amp;LangDescr=&amp;MeasType=&amp;SimDate=20190918&amp;StartPub=&amp;LastSelectedCode=&amp;OrderNum=&amp;GoodsText=&amp;Level=&amp;Expand=false\">Consulta las medidas aplicables por tipo de mercanc\u00eda<\/a><\/li>\n<\/ul>\n<\/div><\/div><\/div>[\/vc_column][vc_column width=&#8221;1\/2&#8243;][vc_single_image image=&#8221;1371&#8243; img_size=&#8221;&#8221; alignment=&#8221;center&#8221;][\/vc_column][\/vc_row][vc_row css_animation=&#8221;left-to-right&#8221; disable_element=&#8221;yes&#8221; center_row=&#8221;yes&#8221; opn_row_gutter=&#8221;100&#8243; css=&#8221;.vc_custom_1608025334019{background-color: #f7f7f7 !important;}&#8221;][vc_column]<div class=\"zozo-parallax-header\"><div class=\"parallax-header\"><h2 class=\"parallax-title text-center text-none\" style=\"color:#ae2626;\">Cont\u00e1ctanos para recibir asesoramiento personalizado para el Brexit<\/h2><\/div><\/div><p class=\"wpcf7-contact-form-not-found\"><strong>Error:<\/strong> Formulario de contacto no encontrado.<\/p>[\/vc_column][\/vc_row]<\/p>\n<\/div>","protected":false},"excerpt":{"rendered":"<p>[vc_row css=&#8221;.vc_custom_1606994625500{margin-bottom: -40px !important;}&#8221;][vc_column width=&#8221;1\/3&#8243;][\/vc_column][vc_column width=&#8221;1\/3&#8243;][vc_single_image image=&#8221;1334&#8243; img_size=&#8221;400&#215;80&#8243; alignment=&#8221;center&#8221; onclick=&#8221;custom_link&#8221; css=&#8221;.vc_custom_1606994368394{margin-top: -40px !important;margin-bottom: -80px !important;}&#8221; link=&#8221;https:\/\/www.noatumlogistics.com\/esp\/&#8221;][\/vc_column][vc_column width=&#8221;1\/3&#8243;][\/vc_column][\/vc_row][vc_row center_row=&#8221;yes&#8221; bg_overlay=&#8221;yes&#8221; typo_style=&#8221;light&#8221; css=&#8221;.vc_custom_1607351101074{padding-top: 120px !important;padding-bottom: 120px !important;background-image: url(https:\/\/www.noatumlogistics.com\/esp\/wp-content\/uploads\/sites\/7\/2020\/12\/brexit-asesoria-aduana.jpg?id=1350) !important;background-position: center !important;background-repeat: no-repeat&#8230;<\/p>\n","protected":false},"author":9,"featured_media":0,"parent":0,"menu_order":0,"comment_status":"closed","ping_status":"closed","template":"template-fullwidth.php","meta":{"footnotes":""},"class_list":["post-1347","page","type-page","status-publish","hentry"],"yoast_head":"<!-- This site is optimized with the Yoast SEO plugin v27.4 - https:\/\/yoast.com\/product\/yoast-seo-wordpress\/ -->\n<title>Gu\u00eda &quot;Preparados para el Brexit&quot; de Noatum Logistics<\/title>\n<meta name=\"description\" content=\"Desde Noatum Logistics te asesoramos y ayudamos para que tu empresa est\u00e9 preparada y nos hacemos cargo de cualquier tr\u00e1mite del BREXIT.\" \/>\n<meta name=\"robots\" content=\"index, follow, max-snippet:-1, max-image-preview:large, max-video-preview:-1\" \/>\n<link rel=\"canonical\" href=\"https:\/\/www.noatumlogistics.com\/esp\/brexit\/\" \/>\n<meta property=\"og:locale\" content=\"es_ES\" \/>\n<meta property=\"og:type\" content=\"article\" \/>\n<meta property=\"og:title\" content=\"Gu\u00eda &quot;Preparados para el Brexit&quot; de Noatum Logistics\" \/>\n<meta property=\"og:description\" content=\"Desde Noatum Logistics te asesoramos y ayudamos para que tu empresa est\u00e9 preparada y nos hacemos cargo de cualquier tr\u00e1mite del BREXIT.\" \/>\n<meta property=\"og:url\" content=\"https:\/\/www.noatumlogistics.com\/esp\/brexit\/\" \/>\n<meta property=\"og:site_name\" content=\"Espa\u00f1a\" \/>\n<meta property=\"article:modified_time\" content=\"2024-06-13T20:36:40+00:00\" \/>\n<meta name=\"twitter:card\" content=\"summary_large_image\" \/>\n<meta name=\"twitter:label1\" content=\"Tiempo de lectura\" \/>\n\t<meta name=\"twitter:data1\" content=\"3 minutos\" \/>\n<script type=\"application\/ld+json\" class=\"yoast-schema-graph\">{\"@context\":\"https:\\\/\\\/schema.org\",\"@graph\":[{\"@type\":\"WebPage\",\"@id\":\"https:\\\/\\\/www.noatumlogistics.com\\\/esp\\\/brexit\\\/\",\"url\":\"https:\\\/\\\/www.noatumlogistics.com\\\/esp\\\/brexit\\\/\",\"name\":\"Gu\u00eda \\\"Preparados para el Brexit\\\" de Noatum Logistics\",\"isPartOf\":{\"@id\":\"https:\\\/\\\/www.noatumlogistics.com\\\/esp\\\/#website\"},\"datePublished\":\"2020-12-09T16:33:14+00:00\",\"dateModified\":\"2024-06-13T20:36:40+00:00\",\"description\":\"Desde Noatum Logistics te asesoramos y ayudamos para que tu empresa est\u00e9 preparada y nos hacemos cargo de cualquier tr\u00e1mite del BREXIT.\",\"breadcrumb\":{\"@id\":\"https:\\\/\\\/www.noatumlogistics.com\\\/esp\\\/brexit\\\/#breadcrumb\"},\"inLanguage\":\"es\",\"potentialAction\":[{\"@type\":\"ReadAction\",\"target\":[\"https:\\\/\\\/www.noatumlogistics.com\\\/esp\\\/brexit\\\/\"]}]},{\"@type\":\"BreadcrumbList\",\"@id\":\"https:\\\/\\\/www.noatumlogistics.com\\\/esp\\\/brexit\\\/#breadcrumb\",\"itemListElement\":[{\"@type\":\"ListItem\",\"position\":1,\"name\":\"Home\",\"item\":\"https:\\\/\\\/www.noatumlogistics.com\\\/esp\\\/\"},{\"@type\":\"ListItem\",\"position\":2,\"name\":\"Brexit\"}]},{\"@type\":\"WebSite\",\"@id\":\"https:\\\/\\\/www.noatumlogistics.com\\\/esp\\\/#website\",\"url\":\"https:\\\/\\\/www.noatumlogistics.com\\\/esp\\\/\",\"name\":\"Espa\u00f1a\",\"description\":\"Just another Noatum Logistics site\",\"potentialAction\":[{\"@type\":\"SearchAction\",\"target\":{\"@type\":\"EntryPoint\",\"urlTemplate\":\"https:\\\/\\\/www.noatumlogistics.com\\\/esp\\\/?s={search_term_string}\"},\"query-input\":{\"@type\":\"PropertyValueSpecification\",\"valueRequired\":true,\"valueName\":\"search_term_string\"}}],\"inLanguage\":\"es\"}]}<\/script>\n<!-- \/ Yoast SEO plugin. -->","yoast_head_json":{"title":"Gu\u00eda \"Preparados para el Brexit\" de Noatum Logistics","description":"Desde Noatum Logistics te asesoramos y ayudamos para que tu empresa est\u00e9 preparada y nos hacemos cargo de cualquier tr\u00e1mite del BREXIT.","robots":{"index":"index","follow":"follow","max-snippet":"max-snippet:-1","max-image-preview":"max-image-preview:large","max-video-preview":"max-video-preview:-1"},"canonical":"https:\/\/www.noatumlogistics.com\/esp\/brexit\/","og_locale":"es_ES","og_type":"article","og_title":"Gu\u00eda \"Preparados para el Brexit\" de Noatum Logistics","og_description":"Desde Noatum Logistics te asesoramos y ayudamos para que tu empresa est\u00e9 preparada y nos hacemos cargo de cualquier tr\u00e1mite del BREXIT.","og_url":"https:\/\/www.noatumlogistics.com\/esp\/brexit\/","og_site_name":"Espa\u00f1a","article_modified_time":"2024-06-13T20:36:40+00:00","twitter_card":"summary_large_image","twitter_misc":{"Tiempo de lectura":"3 minutos"},"schema":{"@context":"https:\/\/schema.org","@graph":[{"@type":"WebPage","@id":"https:\/\/www.noatumlogistics.com\/esp\/brexit\/","url":"https:\/\/www.noatumlogistics.com\/esp\/brexit\/","name":"Gu\u00eda \"Preparados para el Brexit\" de Noatum Logistics","isPartOf":{"@id":"https:\/\/www.noatumlogistics.com\/esp\/#website"},"datePublished":"2020-12-09T16:33:14+00:00","dateModified":"2024-06-13T20:36:40+00:00","description":"Desde Noatum Logistics te asesoramos y ayudamos para que tu empresa est\u00e9 preparada y nos hacemos cargo de cualquier tr\u00e1mite del BREXIT.","breadcrumb":{"@id":"https:\/\/www.noatumlogistics.com\/esp\/brexit\/#breadcrumb"},"inLanguage":"es","potentialAction":[{"@type":"ReadAction","target":["https:\/\/www.noatumlogistics.com\/esp\/brexit\/"]}]},{"@type":"BreadcrumbList","@id":"https:\/\/www.noatumlogistics.com\/esp\/brexit\/#breadcrumb","itemListElement":[{"@type":"ListItem","position":1,"name":"Home","item":"https:\/\/www.noatumlogistics.com\/esp\/"},{"@type":"ListItem","position":2,"name":"Brexit"}]},{"@type":"WebSite","@id":"https:\/\/www.noatumlogistics.com\/esp\/#website","url":"https:\/\/www.noatumlogistics.com\/esp\/","name":"Espa\u00f1a","description":"Just another Noatum Logistics site","potentialAction":[{"@type":"SearchAction","target":{"@type":"EntryPoint","urlTemplate":"https:\/\/www.noatumlogistics.com\/esp\/?s={search_term_string}"},"query-input":{"@type":"PropertyValueSpecification","valueRequired":true,"valueName":"search_term_string"}}],"inLanguage":"es"}]}},"_links":{"self":[{"href":"https:\/\/www.noatumlogistics.com\/esp\/wp-json\/wp\/v2\/pages\/1347","targetHints":{"allow":["GET"]}}],"collection":[{"href":"https:\/\/www.noatumlogistics.com\/esp\/wp-json\/wp\/v2\/pages"}],"about":[{"href":"https:\/\/www.noatumlogistics.com\/esp\/wp-json\/wp\/v2\/types\/page"}],"author":[{"embeddable":true,"href":"https:\/\/www.noatumlogistics.com\/esp\/wp-json\/wp\/v2\/users\/9"}],"replies":[{"embeddable":true,"href":"https:\/\/www.noatumlogistics.com\/esp\/wp-json\/wp\/v2\/comments?post=1347"}],"version-history":[{"count":30,"href":"https:\/\/www.noatumlogistics.com\/esp\/wp-json\/wp\/v2\/pages\/1347\/revisions"}],"predecessor-version":[{"id":3546,"href":"https:\/\/www.noatumlogistics.com\/esp\/wp-json\/wp\/v2\/pages\/1347\/revisions\/3546"}],"wp:attachment":[{"href":"https:\/\/www.noatumlogistics.com\/esp\/wp-json\/wp\/v2\/media?parent=1347"}],"curies":[{"name":"wp","href":"https:\/\/api.w.org\/{rel}","templated":true}]}}